{"version":"1.0","type":"rich","provider_name":"Paroisse Saint Joseph des bords de Loire","provider_url":"https:\/\/saintjosephdesbordsdeloire.cef.fr","title":"Bonne rentr\u00e9e&nbsp;!","author_name":"Pascal Chassang","width":"480","height":"295","url":"https:\/\/saintjosephdesbordsdeloire.cef.fr\/Bonne-rentree.html","html":"\u003Ch4 class='title'\u003E\u003Ca href='https:\/\/saintjosephdesbordsdeloire.cef.fr\/Bonne-rentree.html'\u003EBonne rentr\u00e9e&nbsp;!\u003C\/a\u003E\u003C\/h4\u003E\u003Cblockquote class='spip'\u003E\n\u003Cp\u003EApr\u00e8s l\u2019\u00e9t\u00e9, voil\u00e0 le mois de septembre qui arrive avec la rentr\u00e9e. Durant les premiers dimanches de septembre, nous prendrons le temps de nous rencontrer \u00e0 la sortie des messes et d\u2019accueillir les nouveaux arrivants de l\u2019\u00e9t\u00e9. Nous accueillerons le p\u00e8re Benjamin Bourdenet qui prendra son service \u00e0 partir du 1\u003Csup class=\"typo_exposants\"\u003Eer\u003C\/sup\u003E&nbsp;septembre 2026. Le P\u00e8re Pierre-Andr\u00e9 prendra la suite du p\u00e8re Jean-Baptiste sur le Groupe scolaire Jean-Paul II. Un temps de d\u00e9couverte, d\u2019ajustement marquera ce d\u00e9but d\u2019ann\u00e9e. Vous&nbsp;(\u2026)\u003C\/p\u003E\n\u003C\/blockquote\u003E\n"}

Bonne rentrée&nbsp;!

<h4 class='title'><a href='https://saintjosephdesbordsdeloire.cef.fr/Bonne-rentree.html'>Bonne rentrée&nbsp;!</a></h4><blockquote class='spip'>
<p>Après l’été, voilà le mois de septembre qui arrive avec la rentrée. Durant les premiers dimanches de septembre, nous prendrons le temps de nous rencontrer à la sortie des messes et d’accueillir les nouveaux arrivants de l’été. Nous accueillerons le père Benjamin Bourdenet qui prendra son service à partir du 1<sup class="typo_exposants">er</sup>&nbsp;septembre 2026. Le Père Pierre-André prendra la suite du père Jean-Baptiste sur le Groupe scolaire Jean-Paul II. Un temps de découverte, d’ajustement marquera ce début d’année. Vous&nbsp;(…)</p>
</blockquote>
